-2)/(-11) + (-2296)/w. What is the greatest common divisor of v and 45?
15
Let o be (-760)/(-55) - 6/(-33). Calculate the highest common divisor of 518 and o.
14
Let m(q) = q**2 - 8*q + 11. Let c be m(5). Let y(x) = 2*x**2 + 8*x + 12. Let s be y(c). Calculate the highest common divisor of 36 and s.
12
Let j be 2*((-693)/14)/(-9). What is the highest common divisor of j and 627?
11
Let n(f) = -2*f**3 - 4*f**2 + 17*f - 3. Let y be n(-7). Calculate the highest common divisor of 46 and y.
46
Let w(u) = -3 + u - u + u**2 - 5*u - 3. Let g be w(6). Suppose 5*v - 158 - 227 = g. What is the highest common divisor of 11 and v?
11
Let o be 20 - (-2)/((-4)/(-2)). Let b = -1107 - -1212. Calculate the highest common divisor of o and b.
21
Let l = -3 + 1. Let u = 41 - 39. Let z = u - l. What is the greatest common divisor of z and 16?
4
Let s(x) = x**3 + 8*x**2 - x - 10. Let z be s(-8). Let n be 1/((-3)/258*z). What is the greatest common divisor of n and 215?
43
Suppose -13*v = -2005 - 686. What is the greatest common factor of v and 276?
69
Let k be (-7)/(28/(-208))*(0 - 1). Let u = k + 68. Calculate the greatest common factor of 24 and u.
8
Let k(l) = l**3 + 4*l**2 - 10*l - 15. Let z be k(-5). Suppose 31 = m + 6. Calculate the greatest common divisor of m and z.
5
Let g(t) be the third derivative of 2*t**4/3 + t**3/3 - 2*t**2. Let l be g(6). Let w = 16946 + -16932. Calculate the greatest common factor of l and w.
14
Suppose 4*o = -2*x - 0*o + 164, -4*x = -5*o - 367. Calculate the greatest common divisor of x and 88.
88
Suppose 16*y - 139 = 133. What is the highest common divisor of y and 1088?
17
Let i(f) = -f**3 + 4*f**2 - 7*f + 8. Let a be i(4). Let m = -21 - a. Let z be (m + -1)/(20/(-170)). What is the highest common factor of z and 119?
17
Suppose -5*z + 9 + 1 = 0. Let i be (-5)/z*-2 - (-6 - -7). Let m be 1*-5*4*-1. Calculate the highest common factor of i and m.
4
Suppose -181 - 15 = -28*t. Calculate the greatest common factor of t and 21.
7
Suppose -4 = -2*k, 4*f + 0*k - 190 = -3*k. What is the highest common factor of f and 23?
23
Let o(t) = 41*t - 25. Let d be o(1). Suppose -2*y = -49 + 3. Suppose 3*m - k = 46, 2*m = 4*k + y + 1. Calculate the highest common factor of d and m.
16
Suppose -64 = -t - t. Suppose 3*o - 2*b - 100 = -b, b = o - t. Suppose -20*x = -677 - 343. Calculate the highest common factor of x and o.
17
Suppose -x + 0*x + 6 = 0. Suppose -2*d = -3*d + x. Let v be (d/(-4))/((-9)/12). Calculate the highest common factor of 2 and v.
2
Suppose -2*c + 374 = 2*w, -5*c = -2*w + 4*w - 935. Let s(l) = -13*l + 303. Let x be s(22). Calculate the highest common factor of c and x.
17
Let b(l) = -2*l + 17. Let j be b(7). Suppose x = -x + 8. Suppose s + 2*s + 15 = 5*c, 3*c - 9 = x*s. What is the greatest common factor of j and c?
3
Let q(w) = 8 - 17 + 4*w - 15. Let s be q(8). What is the highest common divisor of 20 and s?
4
Suppose 8*o = 408 + 7632. What is the greatest common factor of o and 15?
15
Suppose 4 = 6*c - 8*c, 0 = 5*f + 3*c + 1. What is the highest common factor of 76 and f?
1
Let f(g) = 25*g + 6. Let b(m) = -2*m**3 + 2*m**2 + m - 2. Let n be b(-1). Let w be f(n). What is the greatest common factor of 124 and w?
31
Suppose 124*s = 143*s - 1995. What is the greatest common factor of 28 and s?
7
Let u = 489 + -472. Let v(n) = 18*n - 3. Let m be v(3). Calculate the highest common divisor of m and u.
17
Let t be (-1)/(2/(-140)) - 4. What is the highest common factor of 55 and t?
11
Let o be (-2)/(-7) + 11952/504. Let w = -4 + 6. Suppose 8 = s + w*f - 10, 0 = s + 5*f - 21. What is the greatest common factor of o and s?
8
Let d be 4557/105 - (-6)/10. Let p(b) = -12*b + 14. Let o be p(-8). What is the greatest common divisor of d and o?
22
Suppose -40*w + 1676 + 284 = 0. What is the highest common factor of 5047 and w?
49
Suppose o - 2*f = -129 + 928, -2*f = 0. What is the highest common factor of 17 and o?
17
Let h(p) = p**3 + 17*p**2 - 20*p - 13. Let g be h(-18). Let t be -10*(4 - g/5). What is the greatest common factor of t and 54?
6
Let f be (0 + (-1)/3)*3. Let k be f*189/(-3)*1. Suppose 3*n = 48 - 21. Calculate the greatest common factor of n and k.
9
Suppose -7*y = -12*y + 60. Suppose 5*r - 557 = -77. Calculate the greatest common divisor of y and r.
12
Suppose 4*p = 4*l + 120, 13 - 67 = -p - 5*l. Suppose p*d - 33*d = 50. Calculate the greatest common factor of 10 and d.
10
Let m = -57 - -138. What is the greatest common divisor of m and 27?
27
Let t = 186 - 170. What is the greatest common factor of t and 8?
8
Let b(l) = 14*l + 470. Let v be b(-33). Calculate the greatest common divisor of 296 and v.
8
Let d(g) be the first derivative of -g**4/4 - 14*g**3/3 - 13*g**2 - 3*g + 3. Let z be d(-12). Calculate the greatest common divisor of z and 3.
3
Let y = 229 + -214. Let n(s) = -16*s - 1. Let g = 13 - 14. Let x be n(g). What is the greatest common factor of x and y?
15
Suppose -2*y - 1102 = -31*y. What is the highest common divisor of 133 and y?
19
Let r(b) = 23*b**3 - 3*b + 4. Let d be r(1). Calculate the greatest common factor of 456 and d.
24
Suppose -11 = -4*v + 101. Suppose 60 = -3*t + 15. Let g = t - -57. What is the highest common divisor of g and v?
14
Let y(c) = 5*c**2 + 15*c + 40. Let f be y(-4). What is the highest common divisor of f and 120?
60
Suppose -t + 6*t = 2*t. Suppose -4*n - 6*i + i = -438, t = 5*n - i - 562. Calculate the greatest common factor of 7 and n.
7
Suppose -1072 + 3618 = 19*r. What is the greatest common factor of 2077 and r?
67
Let b = -33 + 50. Suppose n = -3*n + 12. Suppose -15 - 36 = -n*p. Calculate the greatest common factor of b and p.
17
Suppose -z - 3 = -2*z. Suppose 5 = m - f - 0*f, 0 = z*m - 5*f - 25. Suppose -5*v = c - 32, -4*v + 52 + m = 3*c. Calculate the highest common factor of 4 and c.
4
Let g be -1 - (2 + 0)*-11. Let m = -589 + 1103. Suppose -924 = -m*n + 510*n. What is the highest common divisor of n and g?
21
Let b be (-5)/2 + (-391)/(-34). What is the greatest common factor of b and 675?
9
Suppose -2*l + 570 - 564 = 0. Suppose 0 = -2*t + 5*h - 1 - 4, 2*t = 3*h - 11. Let s = t + 19. What is the highest common divisor of l and s?
3
Let a(n) = 97 - 86 + n**2 + n**2 - 8*n. Let m be a(6). Let o(g) = 5*g**2. Let r be o(-1). Calculate the greatest common divisor of r and m.
5
Suppose -120 = -2*b - 3*b. Suppose 0 = -18*k + 10*k + 64. Calculate the greatest common divisor of b and k.
8
Suppose 0 = -8*o + 3*o - 20. Let n be 9*(-2)/(24/o). Suppose -4*i - n*j = i - 23, 2*i - 13 = -5*j. Calculate the highest common factor of i and 1.
1
Suppose -g - 3 = -2*y + 2, 2*y - 11 = -5*g. What is the greatest common factor of g and 7?
1
Suppose 0 = 2*f + 8, 5*l + 2*f - 185 - 3677 = 0. What is the greatest common divisor of 18 and l?
18
Suppose -7*m + 55 = 20. Suppose -3*j + 11 = -4*i, -3*i - 8 = -m*i. What is the greatest common divisor of 45 and j?
9
Suppose -29 - 6 = -5*f. Let s(z) = z**2 - 9*z - 73. Let h be s(17). Suppose -22*l + 23*l - h = 0. Calculate the greatest common divisor of f and l.
7
Let o(l) = -29*l - 540. Let u be o(-20). Suppose -5*m + 270 + 30 = 0. What is the highest common factor of m and u?
20
Suppose -3*u + 123 = 5*l - 64, 3*u - 194 = 2*l. Calculate the highest common divisor of 72 and u.
8
Let g = 338 - 93. What is the highest common divisor of g and 7?
7
Let f(n) = 3*n - 21. Let s(b) = 7*b - 43. Let u(h) = -9*f(h) + 4*s(h). Let x be u(7). What is the highest common divisor of 216 and x?
24
Let h be 6/10 + 1503/45 + -8. What is the greatest common divisor of h and 143?
13
Let g be (2 + 24/18)/(8/276). Calculate the highest common divisor of 92 and g.
23
Suppose -43 = -3*u + 59. Let g = 144 + -83. Let q = 24 + g. Calculate the greatest common factor of q and u.
17
Let r = -125 + 147. What is the greatest common divisor of 176 and r?
22
Let s be -4*7/14 + 26. What is the greatest common factor of s and 696?
24
Suppose -3*b = -b - 22. Suppose 743 = 4*z + 5*c, 0 = 4*z - 0*z + 2*c - 746. What is the highest common factor of z and b?
11
Let z = 231 + -159. Suppose -g + 9 + 15 = 0. What is the highest common divisor of z and g?
24
Suppose 5 - 80 = -n. What is the greatest common factor of 30 and n?
15
Let o(m) = 3*m**2 + m. Let i be o(-5). Let b(p) = 23*p - 3. Let j be b(2). Let l = j